{"id":1782,"date":"2016-11-03T08:17:45","date_gmt":"2016-11-03T08:17:45","guid":{"rendered":"http:\/\/finance.thememove.com\/?page_id=1782"},"modified":"2024-08-26T20:17:03","modified_gmt":"2024-08-26T17:17:03","slug":"homepage-06","status":"publish","type":"page","link":"https:\/\/rossine.com.br\/new\/","title":{"rendered":"J Rossine Corretora de Seguros"},"content":{"rendered":"<div class=\"wpb-content-wrapper\"><p>[vc_row full_width=&#8221;stretch_row_content_no_spaces&#8221; css=&#8221;.vc_custom_1452480528940{margin-bottom: 0px !important;}&#8221;][vc_column][rev_slider_vc alias=&#8221;tm-06&#8243;][\/vc_column][\/vc_row][vc_row full_width=&#8221;stretch_row&#8221; content_placement=&#8221;middle&#8221; css=&#8221;.vc_custom_1724615968911{margin-top: 0px !important;margin-bottom: 0px !important;padding-top: 20px !important;padding-bottom: 20px !important;background-color: #ffe800 !important;}&#8221;][vc_column width=&#8221;1\/2&#8243;][vc_custom_heading text=&#8221;Buscando seguro de autom\u00f3vel?&#8221; font_container=&#8221;tag:h2|font_size:20|text_align:left|color:%231a1a1a|line_height:44px&#8221; use_theme_fonts=&#8221;yes&#8221; el_class=&#8221;font-weight-700&#8243;][\/vc_column][vc_column width=&#8221;1\/2&#8243;][thememove_button link=&#8221;https:\/\/jrossine.aggilizador.com.br&#8221; align=&#8221;right&#8221; target=&#8221;_blank&#8221; text=&#8221;Obtenha uma cota\u00e7\u00e3o&#8221;][\/vc_column][\/vc_row][vc_row full_width=&#8221;stretch_row&#8221; gap=&#8221;10&#8243; css=&#8221;.vc_custom_1724616291891{padding-top: 30px !important;padding-bottom: 30px !important;background-color: #1a1a1a !important;}&#8221;][vc_column width=&#8221;1\/3&#8243; css=&#8221;.vc_custom_1724616087165{background-color: #0a0a0a !important;}&#8221;][vc_column_text css=&#8221;.vc_custom_1724616134838{margin-bottom: 0px !important;border-bottom-width: 0px !important;padding-bottom: 0px !important;}&#8221;]<\/p>\n<h1><span style=\"color: #ffe800;\"><strong>Condom\u00ednio<\/strong><\/span><\/h1>\n<p>[\/vc_column_text][vc_single_image image=&#8221;2663&#8243; img_size=&#8221;full&#8221; alignment=&#8221;center&#8221; css_animation=&#8221;slideInDown&#8221; css=&#8221;.vc_custom_1598969093939{margin-bottom: 0px !important;border-bottom-width: 0px !important;padding-bottom: 0px !important;}&#8221;][vc_column_text css=&#8221;.vc_custom_1724616106103{margin-top: 1px !important;border-top-width: 1px !important;padding-top: 1px !important;}&#8221;]<span style=\"color: #ffffff;\">O seguro condom\u00ednio \u00e9 obrigat\u00f3rio, devendo cobrir todos os danos que possam atingir a estrutura do pr\u00e9dio.<\/span>[\/vc_column_text][vc_btn title=&#8221;Saiba mais&#8221; style=&#8221;custom&#8221; custom_background=&#8221;#1a1a1a&#8221; custom_text=&#8221;#ffffff&#8221; size=&#8221;lg&#8221; align=&#8221;center&#8221; button_block=&#8221;true&#8221; link=&#8221;url:https%3A%2F%2Frossine.com.br%2Fnew%2Fcondominio%2F|title:Condom%C3%ADnio||&#8221;][\/vc_column][vc_column width=&#8221;1\/3&#8243; css=&#8221;.vc_custom_1724616189900{background-color: #000000 !important;}&#8221;][vc_column_text css=&#8221;.vc_custom_1724616278822{margin-bottom: 0px !important;border-bottom-width: 0px !important;padding-bottom: 0px !important;}&#8221;]<\/p>\n<h1><span style=\"color: #ffe800;\"><strong>Cons\u00f3rcio<\/strong><\/span><\/h1>\n<p>[\/vc_column_text][vc_single_image image=&#8221;2667&#8243; img_size=&#8221;full&#8221; alignment=&#8221;center&#8221; css_animation=&#8221;slideInDown&#8221; css=&#8221;.vc_custom_1598969130201{margin-bottom: 0px !important;border-bottom-width: 0px !important;padding-bottom: 0px !important;}&#8221;][vc_column_text css=&#8221;.vc_custom_1724616198349{margin-top: 1px !important;border-top-width: 1px !important;padding-top: 1px !important;}&#8221;]<\/p>\n<p id=\"u6437-4\"><span style=\"color: #ffffff;\">Sem juros e com parcelamento facilitado, o cons\u00f3rcio \u00e9 um instrumento ao alcance de todos para realizar os mais diversos sonhos.<\/span><\/p>\n<p>[\/vc_column_text][vc_btn title=&#8221;Saiba mais&#8221; style=&#8221;custom&#8221; custom_background=&#8221;#1a1a1a&#8221; custom_text=&#8221;#ffffff&#8221; size=&#8221;lg&#8221; align=&#8221;center&#8221; button_block=&#8221;true&#8221; link=&#8221;url:https%3A%2F%2Frossine.com.br%2Fnew%2Fconsorcio%2F|title:Condom%C3%ADnio||&#8221;][\/vc_column][vc_column width=&#8221;1\/3&#8243; css=&#8221;.vc_custom_1724616239980{background-color: #000000 !important;}&#8221;][vc_column_text css=&#8221;.vc_custom_1724616269512{margin-bottom: 0px !important;border-bottom-width: 0px !important;padding-bottom: 0px !important;}&#8221;]<\/p>\n<h1><span style=\"color: #ffe800;\"><strong>Financiamento<\/strong><\/span><\/h1>\n<p>[\/vc_column_text][vc_single_image image=&#8221;2665&#8243; img_size=&#8221;full&#8221; alignment=&#8221;center&#8221; css_animation=&#8221;slideInDown&#8221; css=&#8221;.vc_custom_1598969146426{margin-bottom: 0px !important;border-bottom-width: 0px !important;padding-bottom: 0px !important;}&#8221;][vc_column_text css=&#8221;.vc_custom_1724616258092{margin-top: 1px !important;border-top-width: 1px !important;padding-top: 1px !important;}&#8221;]<span style=\"color: #ffffff;\">Aqui, voc\u00ea conta com uma contrata\u00e7\u00e3o \u00e1gil e tranquila para comprar seu ve\u00edculo, sem precisar pagar nada de entrada.<\/span>[\/vc_column_text][vc_btn title=&#8221;Saiba mais&#8221; style=&#8221;custom&#8221; custom_background=&#8221;#1a1a1a&#8221; custom_text=&#8221;#ffffff&#8221; size=&#8221;lg&#8221; align=&#8221;center&#8221; button_block=&#8221;true&#8221; link=&#8221;url:https%3A%2F%2Frossine.com.br%2Fnew%2Fcondominio%2F|title:Condom%C3%ADnio||&#8221;][\/vc_column][\/vc_row][vc_row full_width=&#8221;stretch_row_content_no_spaces&#8221; css=&#8221;.vc_custom_1598970049257{margin-top: 0px !important;margin-bottom: 0px !important;padding-top: 120px !important;padding-bottom: 120px !important;background-image: url(https:\/\/rossine.com.br\/new\/wp-content\/uploads\/2020\/09\/fundo-home.jpg?id=2666) !important;background-position: center !important;background-repeat: no-repeat !important;background-size: cover !important;}&#8221; el_class=&#8221;opacity-bg opacity-bg-60&#8243;][vc_column css=&#8221;.vc_custom_1456481586721{padding-top: 0px !important;padding-bottom: 0px !important;}&#8221;][vc_custom_heading text=&#8221;Especialista em <strong>Produtos diferenciados<\/strong>&#8221; font_container=&#8221;tag:h2|font_size:40|text_align:center|color:%23ffffff&#8221; use_theme_fonts=&#8221;yes&#8221; css=&#8221;.vc_custom_1552938226211{margin-bottom: 20px !important;}&#8221; link=&#8221;url:http%3A%2F%2Fapi.whatsapp.com%2Fsend%3F1%3Dpt_BR%26phone%3D5531984850054||target:%20_blank|rel:nofollow&#8221;][thememove_button type=&#8221;3&#8243; link=&#8221;https:\/\/api.whatsapp.com\/send?1=pt_BR&amp;phone=5599999519000&#8243; align=&#8221;center&#8221; target=&#8221;_blank&#8221; text=&#8221;Informe para n\u00f3s qual sua necessidade&#8221;][\/vc_column][\/vc_row][vc_row full_width=&#8221;stretch_row&#8221; css=&#8221;.vc_custom_1724616036007{margin-top: 0px !important;margin-bottom: 0px !important;padding-top: 45px !important;padding-bottom: 45px !important;background-color: #1a1a1a !important;}&#8221;][vc_column][vc_row_inner][vc_column_inner width=&#8221;1\/5&#8243;][vc_single_image image=&#8221;3655&#8243; img_size=&#8221;full&#8221; alignment=&#8221;center&#8221; css_animation=&#8221;appear&#8221; el_class=&#8221;img_opacity_0 img_height_60&#8243;][\/vc_column_inner][vc_column_inner width=&#8221;1\/5&#8243;][vc_single_image image=&#8221;3614&#8243; img_size=&#8221;full&#8221; alignment=&#8221;center&#8221; css_animation=&#8221;appear&#8221; el_class=&#8221;img_opacity_0 img_height_60&#8243;][\/vc_column_inner][vc_column_inner width=&#8221;1\/5&#8243;][vc_single_image image=&#8221;3610&#8243; img_size=&#8221;full&#8221; alignment=&#8221;center&#8221; css_animation=&#8221;appear&#8221; el_class=&#8221;img_opacity_0 img_height_60&#8243;][\/vc_column_inner][vc_column_inner width=&#8221;1\/5&#8243;][vc_single_image image=&#8221;3619&#8243; img_size=&#8221;full&#8221; alignment=&#8221;center&#8221; css_animation=&#8221;appear&#8221; el_class=&#8221;img_opacity_0 img_height_60&#8243;][\/vc_column_inner][vc_column_inner width=&#8221;1\/5&#8243;][vc_single_image image=&#8221;3617&#8243; img_size=&#8221;full&#8221; alignment=&#8221;center&#8221; css_animation=&#8221;appear&#8221; el_class=&#8221;img_opacity_0 img_height_60&#8243;][\/vc_column_inner][\/vc_row_inner][vc_row_inner][vc_column_inner width=&#8221;1\/5&#8243;][vc_single_image image=&#8221;3657&#8243; img_size=&#8221;full&#8221; alignment=&#8221;center&#8221; css_animation=&#8221;appear&#8221; el_class=&#8221;img_opacity_0 img_height_60&#8243;][\/vc_column_inner][vc_column_inner width=&#8221;1\/5&#8243;][vc_single_image image=&#8221;3611&#8243; img_size=&#8221;full&#8221; alignment=&#8221;center&#8221; css_animation=&#8221;appear&#8221; el_class=&#8221;img_opacity_0 img_height_60&#8243;][\/vc_column_inner][vc_column_inner width=&#8221;1\/5&#8243;][vc_single_image image=&#8221;3620&#8243; img_size=&#8221;full&#8221; alignment=&#8221;center&#8221; css_animation=&#8221;appear&#8221; el_class=&#8221;img_opacity_0 img_height_60&#8243;][\/vc_column_inner][vc_column_inner width=&#8221;1\/5&#8243;][vc_single_image image=&#8221;3616&#8243; img_size=&#8221;full&#8221; alignment=&#8221;center&#8221; css_animation=&#8221;appear&#8221; el_class=&#8221;img_opacity_0 img_height_60&#8243;][\/vc_column_inner][vc_column_inner width=&#8221;1\/5&#8243;][vc_single_image image=&#8221;3615&#8243; img_size=&#8221;full&#8221; alignment=&#8221;center&#8221; css_animation=&#8221;appear&#8221; el_class=&#8221;img_opacity_0 img_height_60&#8243;][\/vc_column_inner][\/vc_row_inner][vc_row_inner][vc_column_inner width=&#8221;1\/5&#8243;][\/vc_column_inner][vc_column_inner width=&#8221;1\/5&#8243;][vc_single_image image=&#8221;3612&#8243; img_size=&#8221;full&#8221; alignment=&#8221;center&#8221; css_animation=&#8221;appear&#8221; el_class=&#8221;img_opacity_0 img_height_60&#8243;][\/vc_column_inner][vc_column_inner width=&#8221;1\/5&#8243;][vc_single_image image=&#8221;3654&#8243; img_size=&#8221;full&#8221; alignment=&#8221;center&#8221; css_animation=&#8221;appear&#8221; el_class=&#8221;img_opacity_0 img_height_60&#8243;][\/vc_column_inner][vc_column_inner width=&#8221;1\/5&#8243;][vc_single_image image=&#8221;3613&#8243; img_size=&#8221;full&#8221; alignment=&#8221;center&#8221; css_animation=&#8221;appear&#8221; el_class=&#8221;img_opacity_0 img_height_60&#8243;][\/vc_column_inner][vc_column_inner width=&#8221;1\/5&#8243;][\/vc_column_inner][\/vc_row_inner][\/vc_column][\/vc_row][vc_row full_width=&#8221;stretch_row_content_no_spaces&#8221; content_placement=&#8221;middle&#8221; css=&#8221;.vc_custom_1724621547312{padding-top: 0px !important;padding-bottom: 0px !important;background: #000000 url(https:\/\/rossine.com.br\/new\/wp-content\/uploads\/2024\/08\/image.png?id=3651) !important;background-position: center !important;background-repeat: no-repeat !important;background-size: cover !important;}&#8221;][vc_column width=&#8221;1\/2&#8243; css=&#8221;.vc_custom_1598969178608{margin-top: 5px !important;padding-top: 180px !important;padding-bottom: 180px !important;background-position: center !important;background-repeat: no-repeat !important;background-size: cover !important;}&#8221;][\/vc_column][vc_column width=&#8221;1\/2&#8243; css=&#8221;.vc_custom_1478164051555{padding-top: 0px !important;padding-bottom: 0px !important;}&#8221;][vc_row_inner css=&#8221;.vc_custom_1478166429052{padding-top: 80px !important;padding-right: 40px !important;padding-bottom: 80px !important;padding-left: 40px !important;}&#8221; el_class=&#8221;w-650-l&#8221;][vc_column_inner][vc_custom_heading text=&#8221;Sobre N\u00f3s&#8221; font_container=&#8221;tag:h2|font_size:30|text_align:left|color:%23ffe800|line_height:1em&#8221; use_theme_fonts=&#8221;yes&#8221; tm_font_weight=&#8221;700&#8243; tm_letter_spacing=&#8221;-1px&#8221; el_class=&#8221;heading-left-white font-weight-700&#8243;][vc_custom_heading text=&#8221;A J. Rossine Corretora de Seguros \u00e9 uma empresa especializada no ramo de<br \/>\nseguros, que est\u00e1 a 40 anos no mercado e que oferece a forma mais econ\u00f4mica,<br \/>\ntranquila e garantida de proteger o que voc\u00ea conquistou, o seu patrim\u00f4nio. Trabalhamos com as melhores Companhias de Seguro e atendemos em todo territ\u00f3rio nacional, com todos os ramos de seguros.&#8221; font_container=&#8221;tag:div|font_size:16px|text_align:left|color:%23ffffff|line_height:1.8em&#8221; use_theme_fonts=&#8221;yes&#8221; tm_font_weight=&#8221;100&#8243; css=&#8221;.vc_custom_1724621629785{margin-top: 20px !important;margin-bottom: 20px !important;}&#8221; link=&#8221;url:https%3A%2F%2Frossine.com.br%2Fnovo%2Fsobre-nos%2F|title:Sobre%20N%C3%B3s||&#8221;][vc_btn title=&#8221;Saiba mais&#8221; style=&#8221;custom&#8221; custom_background=&#8221;#1a1a1a&#8221; custom_text=&#8221;#ffffff&#8221; align=&#8221;center&#8221; button_block=&#8221;true&#8221; link=&#8221;url:https%3A%2F%2Frossine.com.br%2Fnew%2Fsobre-nos%2F|title:Condom%C3%ADnio||&#8221;][\/vc_column_inner][\/vc_row_inner][\/vc_column][\/vc_row][vc_row full_width=&#8221;stretch_row&#8221; el_class=&#8221;primary_bgcolor bg-gradient&#8221; css=&#8221;.vc_custom_1458115878923{margin-top: 0px !important;margin-bottom: 0px !important;padding-top: 20px !important;padding-bottom: 0px !important;}&#8221;][vc_column width=&#8221;1\/3&#8243; css=&#8221;.vc_custom_1458115886169{margin-top: 0px !important;margin-bottom: 20px !important;padding-top: 0px !important;}&#8221;][\/vc_column][vc_column width=&#8221;1\/3&#8243; css=&#8221;.vc_custom_1458115893370{margin-top: 0px !important;margin-bottom: 20px !important;padding-top: 0px !important;}&#8221;][\/vc_column][vc_column width=&#8221;1\/3&#8243; css=&#8221;.vc_custom_1458115899409{margin-top: 0px !important;margin-bottom: 20px !important;padding-top: 0px !important;padding-bottom: 0px !important;}&#8221;][\/vc_column][\/vc_row]<\/p>\n<\/div>","protected":false},"excerpt":{"rendered":"<p>[vc_row full_width=&#8221;stretch_row_content_no_spaces&#8221; css=&#8221;.vc_custom_1452480528940{margin-bottom: 0px !important;}&#8221;][vc_column][rev_slider_vc alias=&#8221;tm-06&#8243;][\/vc_column][\/vc_row][vc_row full_width=&#8221;stretch_row&#8221; content_placement=&#8221;middle&#8221; css=&#8221;.vc_custom_1724615968911{margin-top: 0px !important;margin-bottom: 0px !important;padding-top: 20px !important;padding-bottom: 20px !important;background-color: #ffe800 !important;}&#8221;][vc_column width=&#8221;1\/2&#8243;][vc_custom_heading text=&#8221;Buscando seguro de autom\u00f3vel?&#8221; font_container=&#8221;tag:h2|font_size:20|text_align:left|color:%231a1a1a|line_height:44px&#8221; use_theme_fonts=&#8221;yes&#8221; el_class=&#8221;font-weight-700&#8243;][\/vc_column][vc_column width=&#8221;1\/2&#8243;][thememove_button link=&#8221;https:\/\/jrossine.aggilizador.com.br&#8221; align=&#8221;right&#8221; target=&#8221;_blank&#8221; text=&#8221;Obtenha uma cota\u00e7\u00e3o&#8221;][\/vc_column][\/vc_row][vc_row full_width=&#8221;stretch_row&#8221; gap=&#8221;10&#8243; css=&#8221;.vc_custom_1724616291891{padding-top: 30px !important;padding-bottom: 30px !important;background-color: #1a1a1a !important;}&#8221;][vc_column width=&#8221;1\/3&#8243; css=&#8221;.vc_custom_1724616087165{background-color: #0a0a0a !important;}&#8221;][vc_column_text css=&#8221;.vc_custom_1724616134838{margin-bottom: 0px !important;border-bottom-width: 0px !important;padding-bottom: 0px !important;}&#8221;] Condom\u00ednio [&hellip;]<\/p>\n","protected":false},"author":1,"featured_media":0,"parent":0,"menu_order":0,"comment_status":"closed","ping_status":"closed","template":"","meta":{"footnotes":""},"class_list":["post-1782","page","type-page","status-publish","hentry"],"_links":{"self":[{"href":"https:\/\/rossine.com.br\/new\/wp-json\/wp\/v2\/pages\/1782","targetHints":{"allow":["GET"]}}],"collection":[{"href":"https:\/\/rossine.com.br\/new\/wp-json\/wp\/v2\/pages"}],"about":[{"href":"https:\/\/rossine.com.br\/new\/wp-json\/wp\/v2\/types\/page"}],"author":[{"embeddable":true,"href":"https:\/\/rossine.com.br\/new\/wp-json\/wp\/v2\/users\/1"}],"replies":[{"embeddable":true,"href":"https:\/\/rossine.com.br\/new\/wp-json\/wp\/v2\/comments?post=1782"}],"version-history":[{"count":0,"href":"https:\/\/rossine.com.br\/new\/wp-json\/wp\/v2\/pages\/1782\/revisions"}],"wp:attachment":[{"href":"https:\/\/rossine.com.br\/new\/wp-json\/wp\/v2\/media?parent=1782"}],"curies":[{"name":"wp","href":"https:\/\/api.w.org\/{rel}","templated":true}]}}